{"id":527,"date":"2015-05-04T11:25:52","date_gmt":"2015-05-04T10:25:52","guid":{"rendered":"http:\/\/www.didierlegros.com\/?page_id=527"},"modified":"2015-05-05T11:06:20","modified_gmt":"2015-05-05T10:06:20","slug":"mentions-legales","status":"publish","type":"page","link":"https:\/\/www.didierlegros.com\/fr\/mentions-legales\/","title":{"rendered":"Mentions L\u00e9gales"},"content":{"rendered":"<section class=\"wpb-content-wrapper\"><p>[vc_row full_width=\u00a0\u00bb\u00a0\u00bb parallax=\u00a0\u00bb\u00a0\u00bb parallax_image=\u00a0\u00bb\u00a0\u00bb][vc_column width=\u00a0\u00bb1\/1&Prime;][vc_column_text]<\/p>\n<h2>Propri\u00e9taire du site internet<\/h2>\n<p>SARL FASCINE au capital de 7700,00\u20ac<br \/>\nZAE les Fontanettes<br \/>\n110 all\u00e9e du soleil<br \/>\n74320 SEVRIER France<br \/>\nRCS Annecy B 440 074 888<br \/>\nSIRET : 44007488800031<\/p>\n<p>Les informations de ce site peuvent contenir des inexactitudes techniques ou des erreurs typographiques. Ces informations peuvent \u00eatre p\u00e9riodiquement modifi\u00e9es.<\/p>\n<h2>Responsable de la publication du site internet : <strong>Didier Legros<\/strong><\/h2>\n<p>Fascine peut apporter des am\u00e9liorations ou des changements \u00e0 ce site et ce sans pr\u00e9avis. Pour toute remarque sur le contenu et le fonctionnement du site, s&rsquo;adresser au Webmestre : didier@didierlegros.com<\/p>\n<h2>Cr\u00e9ation du site internet<\/h2>\n<p>ABAL WEB<br \/>\n18 chemin des Quarts<br \/>\n74330 &#8211; Lovagny<\/p>\n<h2>H\u00e9bergement du site<\/h2>\n<p>OVH<br \/>\nSAS au capital de 10 000 000 \u20ac<br \/>\nRCS Roubaix \u2013 Tourcoing 424 761 419 00045<br \/>\nCode APE 6202A<br \/>\nN\u00b0 TVA : FR 22 424 761 419<br \/>\nSi\u00e8ge social : 2 rue Kellermann \u2013 59100 Roubaix \u2013 France.<\/p>\n<h2>Cr\u00e9dits photos<\/h2>\n<p>Dominique Lafon<br \/>\nwww.annecy-photo.com<\/p>\n<h2>Droits d&rsquo;auteur &#8211; Copyright<\/h2>\n<p>Les informations, pictogrammes, photographies, images, textes, s\u00e9quences vid\u00e9o, animations, logotypes et autres documents pr\u00e9sents sur le site Internet sont prot\u00e9g\u00e9s par le droit de la propri\u00e9t\u00e9 intellectuelle.<\/p>\n<h2>Informatique et libert\u00e9 &#8211; Protection des donn\u00e9es personnelles<\/h2>\n<p>Les informations collect\u00e9es par le biais du pr\u00e9sent site sont exclusivement destin\u00e9es \u00e0 <b>Fascine<\/b>.<\/p>\n<p>Conform\u00e9ment aux dispositions contenues dans la loi n\u00b0 78-17 du 6 Janvier 1978 modifi\u00e9e relative \u00e0 l&rsquo;informatique, aux fichiers et aux libert\u00e9s, vous disposez d&rsquo;un droit d&rsquo;acc\u00e8s, de rectification, de modification et de suppression concernant les donn\u00e9es qui vous concernent.<\/p>\n<h2><strong>Liens hypertextes vers d&rsquo;autres sites Internet<br \/>\n<\/strong><\/h2>\n<p>Les liens hypertextes mis en place dans le cadre du pr\u00e9sent site Internet en direction d&rsquo;autres ressources pr\u00e9sentes sur le r\u00e9seau Internet sont propos\u00e9s uniquement pour vous apporter l&rsquo;information la plus compl\u00e8te et ni leur contenu ou les liens qu&rsquo;ils contiennent, ni les changements ou mises \u00e0 jour qui leur sont apport\u00e9s ne sauraient engager la responsabilit\u00e9 de <b>Fascine<\/b>.<\/p>\n<p><b>Fascine <\/b>autorise tout site Internet ou tout support \u00e0 mettre en place un lien hypertexte en direction de son contenu \u00e0 l&rsquo;exception de ceux diffusant des contenus contraires aux bonnes m\u0153urs.[\/vc_column_text][\/vc_column][\/vc_row]<\/p>\n<\/section>","protected":false},"excerpt":{"rendered":"<p>[vc_row full_width=\u00a0\u00bb\u00a0\u00bb parallax=\u00a0\u00bb\u00a0\u00bb parallax_image=\u00a0\u00bb\u00a0\u00bb][vc_column width=\u00a0\u00bb1\/1&Prime;][vc_column_text] Propri\u00e9taire du site internet SARL FASCINE au capital de 7700,00\u20ac ZAE les Fontanettes 110 all\u00e9e du soleil 74320 SEVRIER France RCS Annecy B 440 074 888 SIRET : 44007488800031 Les informations de ce site peuvent contenir des inexactitudes techniques ou des erreurs typographiques. Ces informations peuvent \u00eatre p\u00e9riodiquement modifi\u00e9es. Responsable [&hellip;]<\/p>\n","protected":false},"author":1,"featured_media":0,"parent":0,"menu_order":0,"comment_status":"closed","ping_status":"closed","template":"","meta":{"footnotes":""},"class_list":["post-527","page","type-page","status-publish","hentry"],"yoast_head":"<!-- This site is optimized with the Yoast SEO plugin v28.2 - https:\/\/yoast.com\/product\/yoast-seo-wordpress\/ -->\n<title>Mentions L\u00e9gales - Didier Legros<\/title>\n<meta name=\"robots\" content=\"noindex, nofollow\" \/>\n<meta property=\"og:locale\" content=\"fr_FR\" \/>\n<meta property=\"og:type\" content=\"article\" \/>\n<meta property=\"og:title\" content=\"Mentions L\u00e9gales - Didier Legros\" \/>\n<meta property=\"og:description\" content=\"[vc_row full_width=\u00a0\u00bb\u00a0\u00bb parallax=\u00a0\u00bb\u00a0\u00bb parallax_image=\u00a0\u00bb\u00a0\u00bb][vc_column width=\u00a0\u00bb1\/1&Prime;][vc_column_text] Propri\u00e9taire du site internet SARL FASCINE au capital de 7700,00\u20ac ZAE les Fontanettes 110 all\u00e9e du soleil 74320 SEVRIER France RCS Annecy B 440 074 888 SIRET : 44007488800031 Les informations de ce site peuvent contenir des inexactitudes techniques ou des erreurs typographiques. Ces informations peuvent \u00eatre p\u00e9riodiquement modifi\u00e9es. Responsable [&hellip;]\" \/>\n<meta property=\"og:url\" content=\"https:\/\/www.didierlegros.com\/fr\/mentions-legales\/\" \/>\n<meta property=\"og:site_name\" content=\"Didier Legros\" \/>\n<meta property=\"article:modified_time\" content=\"2015-05-05T10:06:20+00:00\" \/>\n<meta name=\"twitter:label1\" content=\"Dur\u00e9e de lecture estim\u00e9e\" \/>\n\t<meta name=\"twitter:data1\" content=\"2 minutes\" \/>\n<script type=\"application\/ld+json\" class=\"yoast-schema-graph\">{\"@context\":\"https:\\\/\\\/schema.org\",\"@graph\":[{\"@type\":\"WebPage\",\"@id\":\"https:\\\/\\\/www.didierlegros.com\\\/fr\\\/mentions-legales\\\/\",\"url\":\"https:\\\/\\\/www.didierlegros.com\\\/fr\\\/mentions-legales\\\/\",\"name\":\"Mentions L\u00e9gales - Didier Legros\",\"isPartOf\":{\"@id\":\"https:\\\/\\\/www.didierlegros.com\\\/#website\"},\"datePublished\":\"2015-05-04T10:25:52+00:00\",\"dateModified\":\"2015-05-05T10:06:20+00:00\",\"breadcrumb\":{\"@id\":\"https:\\\/\\\/www.didierlegros.com\\\/fr\\\/mentions-legales\\\/#breadcrumb\"},\"inLanguage\":\"fr-FR\",\"potentialAction\":[{\"@type\":\"ReadAction\",\"target\":[\"https:\\\/\\\/www.didierlegros.com\\\/fr\\\/mentions-legales\\\/\"]}]},{\"@type\":\"BreadcrumbList\",\"@id\":\"https:\\\/\\\/www.didierlegros.com\\\/fr\\\/mentions-legales\\\/#breadcrumb\",\"itemListElement\":[{\"@type\":\"ListItem\",\"position\":1,\"name\":\"Accueil\",\"item\":\"https:\\\/\\\/www.didierlegros.com\\\/fr\\\/\"},{\"@type\":\"ListItem\",\"position\":2,\"name\":\"Mentions L\u00e9gales\"}]},{\"@type\":\"WebSite\",\"@id\":\"https:\\\/\\\/www.didierlegros.com\\\/#website\",\"url\":\"https:\\\/\\\/www.didierlegros.com\\\/\",\"name\":\"Didier Legros\",\"description\":\"\",\"potentialAction\":[{\"@type\":\"SearchAction\",\"target\":{\"@type\":\"EntryPoint\",\"urlTemplate\":\"https:\\\/\\\/www.didierlegros.com\\\/?s={search_term_string}\"},\"query-input\":{\"@type\":\"PropertyValueSpecification\",\"valueRequired\":true,\"valueName\":\"search_term_string\"}}],\"inLanguage\":\"fr-FR\"}]}<\/script>\n<!-- \/ Yoast SEO plugin. -->","yoast_head_json":{"title":"Mentions L\u00e9gales - Didier Legros","robots":{"index":"noindex","follow":"nofollow"},"og_locale":"fr_FR","og_type":"article","og_title":"Mentions L\u00e9gales - Didier Legros","og_description":"[vc_row full_width=\u00a0\u00bb\u00a0\u00bb parallax=\u00a0\u00bb\u00a0\u00bb parallax_image=\u00a0\u00bb\u00a0\u00bb][vc_column width=\u00a0\u00bb1\/1&Prime;][vc_column_text] Propri\u00e9taire du site internet SARL FASCINE au capital de 7700,00\u20ac ZAE les Fontanettes 110 all\u00e9e du soleil 74320 SEVRIER France RCS Annecy B 440 074 888 SIRET : 44007488800031 Les informations de ce site peuvent contenir des inexactitudes techniques ou des erreurs typographiques. Ces informations peuvent \u00eatre p\u00e9riodiquement modifi\u00e9es. Responsable [&hellip;]","og_url":"https:\/\/www.didierlegros.com\/fr\/mentions-legales\/","og_site_name":"Didier Legros","article_modified_time":"2015-05-05T10:06:20+00:00","twitter_misc":{"Dur\u00e9e de lecture estim\u00e9e":"2 minutes"},"schema":{"@context":"https:\/\/schema.org","@graph":[{"@type":"WebPage","@id":"https:\/\/www.didierlegros.com\/fr\/mentions-legales\/","url":"https:\/\/www.didierlegros.com\/fr\/mentions-legales\/","name":"Mentions L\u00e9gales - Didier Legros","isPartOf":{"@id":"https:\/\/www.didierlegros.com\/#website"},"datePublished":"2015-05-04T10:25:52+00:00","dateModified":"2015-05-05T10:06:20+00:00","breadcrumb":{"@id":"https:\/\/www.didierlegros.com\/fr\/mentions-legales\/#breadcrumb"},"inLanguage":"fr-FR","potentialAction":[{"@type":"ReadAction","target":["https:\/\/www.didierlegros.com\/fr\/mentions-legales\/"]}]},{"@type":"BreadcrumbList","@id":"https:\/\/www.didierlegros.com\/fr\/mentions-legales\/#breadcrumb","itemListElement":[{"@type":"ListItem","position":1,"name":"Accueil","item":"https:\/\/www.didierlegros.com\/fr\/"},{"@type":"ListItem","position":2,"name":"Mentions L\u00e9gales"}]},{"@type":"WebSite","@id":"https:\/\/www.didierlegros.com\/#website","url":"https:\/\/www.didierlegros.com\/","name":"Didier Legros","description":"","potentialAction":[{"@type":"SearchAction","target":{"@type":"EntryPoint","urlTemplate":"https:\/\/www.didierlegros.com\/?s={search_term_string}"},"query-input":{"@type":"PropertyValueSpecification","valueRequired":true,"valueName":"search_term_string"}}],"inLanguage":"fr-FR"}]}},"_links":{"self":[{"href":"https:\/\/www.didierlegros.com\/fr\/wp-json\/wp\/v2\/pages\/527","targetHints":{"allow":["GET"]}}],"collection":[{"href":"https:\/\/www.didierlegros.com\/fr\/wp-json\/wp\/v2\/pages"}],"about":[{"href":"https:\/\/www.didierlegros.com\/fr\/wp-json\/wp\/v2\/types\/page"}],"author":[{"embeddable":true,"href":"https:\/\/www.didierlegros.com\/fr\/wp-json\/wp\/v2\/users\/1"}],"replies":[{"embeddable":true,"href":"https:\/\/www.didierlegros.com\/fr\/wp-json\/wp\/v2\/comments?post=527"}],"version-history":[{"count":2,"href":"https:\/\/www.didierlegros.com\/fr\/wp-json\/wp\/v2\/pages\/527\/revisions"}],"predecessor-version":[{"id":560,"href":"https:\/\/www.didierlegros.com\/fr\/wp-json\/wp\/v2\/pages\/527\/revisions\/560"}],"wp:attachment":[{"href":"https:\/\/www.didierlegros.com\/fr\/wp-json\/wp\/v2\/media?parent=527"}],"curies":[{"name":"wp","href":"https:\/\/api.w.org\/{rel}","templated":true}]}}

Mentions Légales

<section class="wpb-content-wrapper"><p>[vc_row full_width= » » parallax= » » parallax_image= » »][vc_column width= »1/1&Prime;][vc_column_text]</p>
<h2>Propriétaire du site internet</h2>
<p>SARL FASCINE au capital de 7700,00€<br />
ZAE les Fontanettes<br />
110 allée du soleil<br />
74320 SEVRIER France<br />
RCS Annecy B 440 074 888<br />
SIRET : 44007488800031</p>
<p>Les informations de ce site peuvent contenir des inexactitudes techniques ou des erreurs typographiques. Ces informations peuvent être périodiquement modifiées.</p>
<h2>Responsable de la publication du site internet : <strong>Didier Legros</strong></h2>
<p>Fascine peut apporter des améliorations ou des changements à ce site et ce sans préavis. Pour toute remarque sur le contenu et le fonctionnement du site, s&rsquo;adresser au Webmestre : didier@didierlegros.com</p>
<h2>Création du site internet</h2>
<p>ABAL WEB<br />
18 chemin des Quarts<br />
74330 &#8211; Lovagny</p>
<h2>Hébergement du site</h2>
<p>OVH<br />
SAS au capital de 10 000 000 €<br />
RCS Roubaix – Tourcoing 424 761 419 00045<br />
Code APE 6202A<br />
N° TVA : FR 22 424 761 419<br />
Siège social : 2 rue Kellermann – 59100 Roubaix – France.</p>
<h2>Crédits photos</h2>
<p>Dominique Lafon<br />
www.annecy-photo.com</p>
<h2>Droits d&rsquo;auteur &#8211; Copyright</h2>
<p>Les informations, pictogrammes, photographies, images, textes, séquences vidéo, animations, logotypes et autres documents présents sur le site Internet sont protégés par le droit de la propriété intellectuelle.</p>
<h2>Informatique et liberté &#8211; Protection des données personnelles</h2>
<p>Les informations collectées par le biais du présent site sont exclusivement destinées à <b>Fascine</b>.</p>
<p>Conformément aux dispositions contenues dans la loi n° 78-17 du 6 Janvier 1978 modifiée relative à l&rsquo;informatique, aux fichiers et aux libertés, vous disposez d&rsquo;un droit d&rsquo;accès, de rectification, de modification et de suppression concernant les données qui vous concernent.</p>
<h2><strong>Liens hypertextes vers d&rsquo;autres sites Internet<br />
</strong></h2>
<p>Les liens hypertextes mis en place dans le cadre du présent site Internet en direction d&rsquo;autres ressources présentes sur le réseau Internet sont proposés uniquement pour vous apporter l&rsquo;information la plus complète et ni leur contenu ou les liens qu&rsquo;ils contiennent, ni les changements ou mises à jour qui leur sont apportés ne sauraient engager la responsabilité de <b>Fascine</b>.</p>
<p><b>Fascine </b>autorise tout site Internet ou tout support à mettre en place un lien hypertexte en direction de son contenu à l&rsquo;exception de ceux diffusant des contenus contraires aux bonnes mœurs.[/vc_column_text][/vc_column][/vc_row]</p>
</section>

<p>[vc_row full_width= » » parallax= » » parallax_image= » »][vc_column width= »1/1&Prime;][vc_column_text] Propriétaire du site internet SARL FASCINE au capital de 7700,00€ ZAE les Fontanettes 110 allée du soleil 74320 SEVRIER France RCS Annecy B 440 074 888 SIRET : 44007488800031 Les informations de ce site peuvent contenir des inexactitudes techniques ou des erreurs typographiques. Ces informations peuvent être périodiquement modifiées. Responsable [&hellip;]</p>

<!-- This site is optimized with the Yoast SEO plugin v28.2 - https://yoast.com/product/yoast-seo-wordpress/ -->
<title>Mentions Légales - Didier Legros</title>
<meta name="robots" content="noindex, nofollow" />
<meta property="og:locale" content="fr_FR" />
<meta property="og:type" content="article" />
<meta property="og:title" content="Mentions Légales - Didier Legros" />
<meta property="og:description" content="[vc_row full_width= » » parallax= » » parallax_image= » »][vc_column width= »1/1&Prime;][vc_column_text] Propriétaire du site internet SARL FASCINE au capital de 7700,00€ ZAE les Fontanettes 110 allée du soleil 74320 SEVRIER France RCS Annecy B 440 074 888 SIRET : 44007488800031 Les informations de ce site peuvent contenir des inexactitudes techniques ou des erreurs typographiques. Ces informations peuvent être périodiquement modifiées. Responsable [&hellip;]" />
<meta property="og:url" content="https://www.didierlegros.com/fr/mentions-legales/" />
<meta property="og:site_name" content="Didier Legros" />
<meta property="article:modified_time" content="2015-05-05T10:06:20+00:00" />
<meta name="twitter:label1" content="Durée de lecture estimée" />
	<meta name="twitter:data1" content="2 minutes" />
<script type="application/ld+json" class="yoast-schema-graph">{"@context":"https:\/\/schema.org","@graph":[{"@type":"WebPage","@id":"https:\/\/www.didierlegros.com\/fr\/mentions-legales\/","url":"https:\/\/www.didierlegros.com\/fr\/mentions-legales\/","name":"Mentions Légales - Didier Legros","isPartOf":{"@id":"https:\/\/www.didierlegros.com\/#website"},"datePublished":"2015-05-04T10:25:52+00:00","dateModified":"2015-05-05T10:06:20+00:00","breadcrumb":{"@id":"https:\/\/www.didierlegros.com\/fr\/mentions-legales\/#breadcrumb"},"inLanguage":"fr-FR","potentialAction":[{"@type":"ReadAction","target":["https:\/\/www.didierlegros.com\/fr\/mentions-legales\/"]}]},{"@type":"BreadcrumbList","@id":"https:\/\/www.didierlegros.com\/fr\/mentions-legales\/#breadcrumb","itemListElement":[{"@type":"ListItem","position":1,"name":"Accueil","item":"https:\/\/www.didierlegros.com\/fr\/"},{"@type":"ListItem","position":2,"name":"Mentions Légales"}]},{"@type":"WebSite","@id":"https:\/\/www.didierlegros.com\/#website","url":"https:\/\/www.didierlegros.com\/","name":"Didier Legros","description":"","potentialAction":[{"@type":"SearchAction","target":{"@type":"EntryPoint","urlTemplate":"https:\/\/www.didierlegros.com\/?s={search_term_string}"},"query-input":{"@type":"PropertyValueSpecification","valueRequired":true,"valueName":"search_term_string"}}],"inLanguage":"fr-FR"}]}</script>
<!-- / Yoast SEO plugin. -->

Mentions Légales - Didier Legros

[vc_row full_width= » » parallax= » » parallax_image= » »][vc_column width= »1/1&Prime;][vc_column_text] Propriétaire du site internet SARL FASCINE au capital de 7700,00€ ZAE les Fontanettes 110 allée du soleil 74320 SEVRIER France RCS Annecy B 440 074 888 SIRET : 44007488800031 Les informations de ce site peuvent contenir des inexactitudes techniques ou des erreurs typographiques. Ces informations peuvent être périodiquement modifiées. Responsable [&hellip;]
